visor of 76 and 342.
38
What is the greatest common divisor of 170 and 391?
17
Calculate the greatest common factor of 504 and 126.
126
What is the highest common factor of 100 and 80?
20
What is the greatest common factor of 184 and 464?
8
What is the highest common divisor of 231 and 32109?
231
Calculate the greatest common factor of 264 and 24.
24
What is the greatest common factor of 11 and 1111?
11
Calculate the greatest common divisor of 1207 and 71.
71
What is the greatest common factor of 36 and 64?
4
What is the highest common factor of 13 and 91?
13
What is the greatest common factor of 50 and 2625?
25
Calculate the highest common divisor of 945 and 112.
7
What is the greatest common divisor of 60 and 45?
15
Calculate the greatest common divisor of 10 and 850.
10
Calculate the greatest common factor of 38 and 18.
2
What is the greatest common divisor of 2398 and 110?
22
What is the highest common factor of 225 and 765?
45
Calculate the highest common divisor of 18 and 387.
9
Calculate the greatest common divisor of 260 and 380.
20
Calculate the greatest common divisor of 280 and 15.
5
What is the highest common factor of 10439 and 33?
11
What is the highest common divisor of 456 and 48?
24
Calculate the highest common divisor of 6 and 150.
6
Calculate the greatest common divisor of 605 and 440.
55
Calculate the greatest common factor of 272 and 170.
34
Calculate the highest common divisor of 30 and 12.
6
What is the greatest common divisor of 240 and 432?
48
What is the highest common factor of 3 and 12693?
3
What is the greatest common factor of 15 and 100?
5
What is the greatest common divisor of 19 and 1539?
19
Calculate the greatest common factor of 315 and 135.
45
What is the greatest common factor of 1107 and 99?
9
What is the greatest common factor of 25764 and 684?
228
What is the highest common factor of 58 and 218?
2
What is the greatest common factor of 891 and 11?
11
Calculate the highest common factor of 1 and 2.
1
Calculate the highest common factor of 8857 and 17.
17
Calculate the highest common factor of 2912 and 26.
26
What is the greatest common divisor of 1078 and 98?
98
Calculate the greatest common factor of 666 and 342.
18
Calculate the highest common divisor of 86 and 688.
86
Calculate the highest common divisor of 189 and 432.
27
What is the highest common divisor of 21 and 1113?
21
Calculate the greatest common factor of 5817 and 42.
21
What is the highest common divisor of 350 and 168?
14
Calculate the highest common divisor of 15 and 640.
5
Calculate the greatest common divisor of 19758 and 333.
111
What is the greatest common factor of 2970 and 440?
110
What is the highest common factor of 365 and 584?
73
Calculate the highest common divisor of 559 and 13.
13
What is the highest common factor of 80 and 1500?
20
What is the greatest common divisor of 33 and 11?
11
What is the greatest common factor of 9570 and 132?
66
What is the highest common divisor of 4768 and 64?
32
What is the greatest common divisor of 102 and 3825?
51
What is the highest common factor of 2460 and 1968?
492
What is the greatest common factor of 30 and 1005?
15
What is the greatest common factor of 77 and 121?
11
Calculate the greatest common divisor of 1358 and 98.
14
What is the highest common divisor of 1137 and 19708?
379
What is the highest common factor of 50 and 30?
10
What is the highest common divisor of 8 and 134?
2
What is the greatest common divisor of 620 and 248?
124
What is the highest common factor of 230 and 110?
10
Calculate the highest common divisor of 160 and 20.
20
Calculate the highest common divisor of 370 and 4514.
74
What is the greatest common divisor of 387 and 1419?
129
What is the highest common divisor of 170 and 2920?
10
Calculate the greatest common divisor of 1066 and 832.
26
What is the highest common divisor of 292 and 3431?
73
What is the greatest common divisor of 119 and 68?
17
Calculate the greatest common divisor of 66 and 5706.
6
What is the greatest common divisor of 7848 and 72?
72
What is the highest common factor of 88 and 92?
4
Calculate the greatest common divisor of 61 and 6283.
61
What is the greatest common divisor of 2002 and 1628?
22
What is the highest common factor of 2167 and 1576?
197
What is the greatest common divisor of 13266 and 792?
198
What is the highest common factor of 11 and 1837?
11
What is the greatest common factor of 646 and 114?
38
What is the highest common factor of 27 and 8289?
27
What is the highest common divisor of 57 and 2109?
57
Calculate the highest common factor of 66 and 5962.
22
Calculate the highest common divisor of 736 and 1288.
184
What is the greatest common factor of 8924 and 23?
23
Calculate the greatest common factor of 2438 and 92.
46
Calculate the highest common divisor of 895 and 4833.
179
What is the highest common divisor of 2584 and 2040?
136
What is the greatest common divisor of 75 and 3?
3
What is the highest common factor of 7776 and 64?
32
What is the highest common factor of 434 and 14?
14
What is the highest common factor of 1188 and 4?
4
Calculate the highest common factor of 7579 and 286.
143
Calculate the greatest common divisor of 3 and 753.
3
What is the greatest common factor of 40 and 54440?
40
What is the greatest common divisor of 288 and 162?
18
Calculate the greatest common divisor of 245 and 805.
35
What is the highest common factor of 148 and 1961?
37
Calculate the greatest common divisor of 11 and 275.
11
Calculate the greatest common divisor of 2 and 23.
1
What is the highest common factor of 5 and 30655?
5
Calculate the greatest common factor of 9 and 9819.
9
Calculate the greatest common divisor of 286 and 52.
26
Calculate the greatest common factor of 57 and 57.
57
Calculate the highest common factor of 1836 and 340.
68
Calculate the greatest common divisor of 532 and 2261.
133
What is the greatest common factor of 14 and 10206?
14
What is the highest common factor of 305 and 20?
5
Calculate the highest common factor of 736 and 115.
23
Calculate the greatest common divisor of 3553 and 836.
209
What is the highest common divisor of 385 and 22?
11
What is the greatest common divisor of 92 and 1840?
92
What is the greatest common factor of 160 and 2000?
80
What is the highest common factor of 88 and 539?
11
Calculate the greatest common factor of 128 and 64.
64
Calculate the highest common factor of 25 and 2025.
25
Calculate the highest common factor of 231 and 77.
77
Calculate the greatest common divisor of 152 and 64.
8
What is the highest common factor of 303 and 3?
3
What is the greatest common factor of 202 and 3434?
202
Calculate the highest common factor of 8 and 648.
8
What is the greatest common factor of 5 and 16855?
5
Calculate the highest common factor of 104 and 13.
13
Calculate the highest common divisor of 8 and 6568.
8
Calculate the highest common factor of 60 and 80.
20
What is the highest common divisor of 10 and 110?
10
What is the highest common factor of 24 and 1680?
24
Calculate the highest common divisor of 778 and 2.
2
What is the greatest common factor of 6454 and 7?
7
What is the highest common divisor of 1520 and 160?
80
Calculate the greatest common divisor of 18 and 486.
18
Calculate the greatest common factor of 32 and 48.
16
Calculate the highest common divisor of 260 and 390.
130
What is the greatest common divisor of 48 and 5712?
48
What is the highest common factor of 30 and 800?
10
What is the highest common factor of 16254 and 18?
18
Calculate the greatest common divisor of 64 and 32.
32
Calculate the highest common divisor of 24 and 68.
4
Calculate the greatest common divisor of 12 and 66.
6
Calculate the greatest common factor of 19 and 817.
19
What is the highest common factor of 305 and 366?
61
What is the highest common factor of 153 and 323?
17
Calculate the greatest common divisor of 5 and 467.
1
What is the highest common divisor of 215 and 45?
5
What is the greatest common factor of 6 and 9666?
6
Calculate the greatest common divisor of 525 and 21.
21
What is the highest common factor of 5246 and 86?
86
Calculate the greatest common factor of 110 and 40.
10
What is the greatest common divisor of 56 and 994?
14
Calculate the greatest common divisor of 620 and 1085.
155